ate 13 - (12 - 11 - -15).
-3
Calculate (-15 - (-24 + 10)) + 0.
-1
-2 + 6 - (-23 - (-25 - 1))
1
What is the value of 8 - -10 - (73 - 70)?
15
Evaluate (-4 - (-4 + (7 - 5))) + (12 - 3).
7
What is the value of 159 - 159 - ((0 - 7) + (-5 - -8))?
4
Calculate ((-10 - -21) + 14 - 0) + -2.
23
What is 2 + 5 + -26 + 15 + (13 - -1)?
10
What is 8 + (7 - (-4 - -9)) + -16?
-6
Evaluate -2 - (4 + 8 + -1).
-13
(13 - -2) + (-5 - -2) + -1 + -1
10
What is the value of 11 + (10 + 1 - -11) + 5 + -13?
25
Calculate 0 - 1 - -1 - (15 - 9 - 5).
-1
Calculate 5 - (7 + -2 - -5).
-5
What is -17 + (-5 - ((-14 - -16) + -56))?
32
What is the value of 13 + 1 - (-12 + (3 - (-11 + -1)))?
11
What is 7 + (-1 - -1) + -30 + -27 + 34?
-16
Evaluate -32 - -36 - (-6 - (-1 - (-1 + 4))).
6
What is 728 - 790 - (-36 - 1)?
-25
What is the value of -35 + 3 + 18 - (2 + 0)?
-16
Evaluate 25 + 16 + -17 - 11.
13
What is (-16 - (-5 + -5)) + 6?
0
Evaluate 6 + -21 + (7 - -2) + 17.
11
Calculate -3 + 8 + (8 - (-3 + 5 + -1)).
12
What is 9 + 4 + 5 - (-9 - -9)?
18
25 + 5 + (0 - (3 - -2))
25
Evaluate -1 - (0 + (-35 - -11)).
23
-2 - -1 - (-3 + -2) - 1
3
Evaluate (15 - 1 - 6) + (-5 - 1).
2
What is -3 + (19 + -8 + -15 - 5)?
-12
What is -13 + (0 - -6) + -19 + 43?
17
(3 - 9) + 3 + 5 - (-114 - -121)
-5
What is the value of -33 - (-39 + -25 + 6)?
25
What is (-1 + -3 - (-176 + 176)) + 28?
24
What is -1 + 1 + -14 + 0 + 4 + 1?
-9
Evaluate (5 - -5) + 12 + -13 + -17.
-8
What is 32 - (14 - (2 - 16))?
4
What is 4 - -1 - (-4 - (-10 - (-36 - -12)))?
23
Evaluate (14 - 19) + (6 - (-8 - -2)).
7
Calculate -191 - -199 - (13 - 3).
-2
What is the value of 7 - (21 + -7) - (13 + -1 + -30)?
11
What is the value of 12 - (20 + -12 - -3)?
1
-5 + -20 - ((32 - 25) + -9)
-23
What is 54 - 1 - (-29 + (50 - 5))?
37
Calculate 0 + 5 - (235 + -197) - -10.
-23
(63 - 59) + 14 + -49
-31
144 + -135 + (-11 - 0)
-2
Evaluate (-1 - 14) + -5 + 33.
13
Calculate -55 + (-35 + 59 - -10).
-21
4 + 16 + -17 + -3
0
What is 8 + -6 + (3 - 7) + 5 - 5?
-2
(9 - 13 - -9) + -6 + 19
18
What is 20 + -13 + -9 + 17?
15
What is 3 + -28 + 20 + (14 - 24)?
-15
Evaluate 4 - (14 - 0 - (5 - (0 + 2))).
-7
What is (-37 - (6 - 32)) + (-2 - -4) + 3?
-6
What is the value of 12 + 6 + -6 + (-5 - (-20 + 10))?
17
What is the value of -5 + (-4 - -9 - -11) + 6?
17
(-3 - -13) + -4 - (2 + -2 - -16)
-10
Evaluate 3 + (27 - 28 - 21).
-19
What is (-5 - (-5 + 16)) + 12 + -11 + -1?
-16
What is the value of -18 + 12 + (-9 - (-9 + 2) - 16)?
-24
What is -6 + 19 + 1 + -6 + -5 + -9?
-6
Calculate (27 - 29) + (5 - (-5 + 9)).
-1
What is 10 + -17 + 40 - 35?
-2
What is the value of -3 - (-3 + -14) - (-61 - -58)?
17
Calculate 9 - (0 + (9 - (1 - -3) - -6)).
-2
22 - (26 + 0 + -37)
33
Calculate 12 - ((-7 - -6) + 10).
3
What is the value of (6 - 1) + (-45 - 5 - -40)?
-5
What is (-9 + (2 - -5) - -6) + 9?
13
Calculate -9 + 3 + 9 - (12 - (0 + 4)).
-5
What is 0 - 2 - (1 + (-5 - -16))?
-14
What is (7 - (-3 + 1)) + 44 + -59?
-6
Calculate 9 + (14 - (6 - 0)) + 4 + -4.
17
Calculate 141 + -124 - (-1 + 6 - (-2 - -2)).
12
Evaluate 1 - -16 - 21 - -20.
16
What is -13 + -2 - (-78 - -73) - -16?
6
(1 - -28) + 17 - 21
25
Calculate 26 + (-16 - (-3 + 1)).
12
What is -10 + (-10 + 22 - 8) + 1 + -3?
-8
What is -212 + 209 - (4 + -7)?
0
Calculate 3 - (0 - (-1 - 5) - (6 - -4)).
7
What is -15 + 5 + -3 + -1?
-14
What is the value of 0 + -42 + 55 + 2 + -40?
-25
What is the value of -1 - (-1 + 12 + -5) - 7?
-14
Evaluate -30 + 15 + 17 + (0 - (16 - 1)).
-13
Calculate -3 + -15 - ((-19 - -17) + -5).
-11
Evaluate (-12 - (-4 - -3)) + -53 + 79.
15
Evaluate 8 + (-9 - -1) + 17.
17
(25 - 25) + -6 + (19 - 2 - 3)
8
What is -6 - 1 - (250 + -233 - (4 + -1))?
-21
-1 - (-15 - -12 - 12) - 39
-25
What is 0 + 2 + -13 + 189 + -193?
-15
What is 0 + (-41 - -29) + 1?
-11
What is the value of -479 - -467 - (2 - 6 - -2)?
-10
Calculate (-10 + (8 - -7) - (2 - -2)) + 13.
14
Calculate (18 - 37) + 6 + 7.
-6
What is the value of -1 - (-2 + -1 + 23 + -29 + 18)?
-10
(6 + 3 + 6 - -3) + (-35 - -28)
11
Evaluate (37 - 29) + -14 + 15.
9
Evaluate ((20 - 7) + 0 - 2) + -26.
-15
Evaluate (-12 - (18 + -12)) + 17.
-1
Calculate (-9 + 17 - 9 - (2 - 7)) + 17.
21
Calculate 21 + -23 + 4 + -3.
-1
Evaluate -35 - -37 - (1 - (-1 + -6 + 0)).
-6
-2 + 20 - (11 - (7 + -12 + 14))
16
Calculate 0 + (8 - -2 - (-32 + 56)).
-14
Calculate (-8 + 1 - (-211 - -212)) + -5.
-13
What is 2 + (1 + -15 - -25)?
13
Calculate (24 - 12 - 21) + (0 - -10).
1
6 + 10 + (-46 - (-20 - -8))
-18
Calculate (114 - 90) + -4 + -1 + -7.
12
-8 + (3 - 4) + -4 + 8 + -3
-8
Calculate -10 + 0 + -2 + 21 + 1 + -1.
9
What is the value of -23 + -14 + (18 - -4)?
-15
What is -19 - -2 - 0 - (-3922 + 3920)?
-15
(-19 - -8 - (-5 + -2)) + (7 - -2)
5
20 + -1 + -11 + -2
6
(-107 + 115 - (12 + -1)) + (-2 - -2)
-3
What is the value of (0 - -3 - -5) + (1 - 1 - 6)?
2
What is (-23 + -3 - -17) + (-5 - (-2 + 1))?
-13
Calculate (9 - 14) + (-4 - 1) + 4 + -1.
-7
9 - (26 - (8 - -9))
0
Calculate (-37 - -94) + -46 + -12 + 1.
0
Evaluate 7 - ((-41 - -36) + (14 - 4)).
2
Calculate -133 + 112 + (5 - -17).
1
Calculate 16 + -10 + -2 + 0 + -3.
1
What is (-7 - (2 + -6 + -1)) + 9?
7
5 + -2 + 2 - ((-3 - -5) + 16)
-13
Calculate 17 - -6 - 13 - 10.
0
2 - -12 - (-102 - -101)
15
What is the value of -27 - ((-11 + -1 - (1 - 2)) + 6)?
-22
Evaluate -1 + (0 - -9) + -6 + 0.
2
Evaluate -9 - (-15 + (-9 - -2) + 11).
2
Calculate (-8 - (10 + -14)) + 18 + 4.
18
Evaluate 14 + 3 - (6 - (8 + -14)).
5
Evaluate (-13 - (5 - 6 - -6 - 12)) + 20.
14
What is -2 + (15 - 23 - (0 - 5)) + -5?
-10
Evaluate 13 + (-2 - -12) + -32.
-9
Calculate -14 - -16 - (-5 + -1 - -24).
-16
What is the value of (6 - (-5 + (3 - (-1 + -1)))) + -38?
-32
5 - 12 - (7 - -1 - (10 - 3))
-8
Calculate (5 - (-2 + -2)) + (-49 - -32).
-8
Calculate 1 + -8 + -1 + 3.
-5
Evaluate -1 + -7 + 2 + (1 - (-23 - -24)).
-6
-6 + 12 + -17 - -19
8
What is (4 + -4 - (12 + -18)) + -2 + -12?
-8
Evaluate 0 + 6 + 13 + -10 + 18.
27
What is the value of 10 + 0 - (2 - (3 - (2 - -1)))?
8
What is the value of -5 + 0 + (-18 - -4) + (-1 - -7)?
-13
Evaluate 9 + (2 - 12) - (3 - 2 - -2).
-4
1 + (-4 - (14 - 5)) + 32
20
11 - (-1 + 0 + 7 - (-109 - -116))
12
What is -16 + (-9 - (-29 + 7))?
-3
(15 - 14) + -11 + 4 + -4 + 23
13
Evaluate 1 - (-12 - (-10 + 0 + -15)).
-12
What is (224 - 245) + 1 + 30?
10
What is the value of -234 + 199 + 0 + 1 + 12?
-22
-4 + -11 + 2 - -21
8
What is the value of -4 - (23 + (-20 - -6))?
-13
Evaluate (8 - 12) + (-2 - -9) - 12 - -37.
28
What is -3 - (-6 - ((-7 - 0) + (5 - 6)))?
-5
Calculate 14 + (-7 - (-31 + 22)).
16
2 + 0 - -7 - (-2 - (-2 + -22))
-13
Evaluate (-6 - -7) + (3 - (-8 + 4)) - 3.
5
(-3 + (19 - 7) - 7) + -10 - -6
-2
What is 5 - -6 - 9 - (0 + 0 + -12)?
14
What is the value of (-10 - 10) + 2 + 9?
-9
What is the value of (6 - -1) + (-14 - -21) - (-9 + 5)?
18
Evaluate -1238 + 1274 + -27 + 0.
9
Calculate -11 + (-1 + 8 - 5 - (1 - 4)).
-6
What is 26 - (0 - (32 + -70))?
-12
What is 16 + (-18 - (-19 + 10))?
7
-451 - -445 - (2 - 4 - 11)
7
What is the value of (12 - 11) + -12 + 4?
-7
What is the value of 2 + -6 + 1 - (-6 - (-13 - 0))?
-10
Calculate (4 - -8) + (9 - (5 + 7)).
9
What is the value of -37 + 19 + 28 - (-1 - -1)?
10
15 - (5 - 0 - (-30 - -31)) - 3
8
Calculate 8 - ((-14 - -27) + -1 + 10).
-14
What is the value of (-15 + 6 - -12) + 3 + -2 + -26?
-22
What is (-17 - (-2 - 11)) + 7?
3
5 + (-18 - -1) + 14
2
What is 9 - (-4 + -2 - (37 + -37))?
15
9 + (-23 - 3) + -4 + 2
-19
What is the value of -2 - (-32 - 8 - -24)?
14
(-2 - -8) + (-11 - (-4 + 1))
-2
-3 + (9 - (9 + -9))
6
Calculate ((-8 - 4) + 9 - -9) + (-3 - 2).
1
What is the value of (-6 - -2 - -25) + (-2 - -9 - 5)?
23
Evaluate 50 - (-23 + 34 - -9).
30
15 + 7 - -3 - 31
-6
Evaluate (-45 - -15) + 11 + (6 - (15 - 4)).
-24
Calculate (0 - (-12 + 28)) + 0.
-16
Evaluate -13 - (-243 + 252 - (-1 + -4)).
-27
What is the value of -20 - (4 - (5 + 0))?
-19
Evaluate (-1 - 11 - -8) + 18 + -4.
10
What is the value of -8 + 0 - (-3 + 2 + -4)?
-3
Evaluate 8 + -11 + -7 + 9.
-1
40 - 23 - (11 - -5)
1
Evaluate (42 - 1) + 1482 + -1485.
38
What is the value of (15 - 4) + -3 + -5 + 5?
8
Evaluate (10 - 5) + 8 + (1 - 24) - 9.
-19
Calculate -15 + -1 - (-2 - 4 - 6).
-4
Evaluate 33 - (-5 - -35) - (1 - (-30 + 0)).
-28
Calculate (-5 + 9 + -4 - 0) + -4 + -1.
-5
Calculate -12 + 2 + 4 - -17.
11
What is the value of 16 + 